{"id":157,"date":"2015-09-20T12:06:30","date_gmt":"2015-09-20T12:06:30","guid":{"rendered":"http:\/\/maispessoa.pt\/site\/?page_id=157"},"modified":"2015-10-23T21:07:43","modified_gmt":"2015-10-23T21:07:43","slug":"servicos-de-psicomotricidade","status":"publish","type":"page","link":"https:\/\/maispessoa.pt\/site\/servicos-de-psicomotricidade\/","title":{"rendered":"Servi\u00e7os de Psicomotricidade"},"content":{"rendered":"<p>Algumas \u00e1reas de interven\u00e7\u00e3o:<\/p>\n<ul>\n<li>Atraso psicomotor;<\/li>\n<li>Problemas de coordena\u00e7\u00e3o motora e de equil\u00edbrio;<\/li>\n<li>Dificuldades de orienta\u00e7\u00e3o e integra\u00e7\u00e3o espacio-temporal;<\/li>\n<li>Dificuldades de coordena\u00e7\u00e3o \u00f3culo-manual e \u00f3culo-pedal;<\/li>\n<li>Dificuldades de motricidade fina;<\/li>\n<li>Dificuldades na consci\u00eancia do esquema corporal;<\/li>\n<li>Dificuldades na regula\u00e7\u00e3o do t\u00f3nus-muscular.<\/li>\n<\/ul>\n","protected":false},"excerpt":{"rendered":"<p>Algumas \u00e1reas de interven\u00e7\u00e3o: Atraso psicomotor; Problemas de coordena\u00e7\u00e3o motora e de equil\u00edbrio; Dificuldades de orienta\u00e7\u00e3o e integra\u00e7\u00e3o espacio-temporal; Dificuldades de coordena\u00e7\u00e3o \u00f3culo-manual e \u00f3culo-pedal; Dificuldades de motricidade fina; Dificuldades na consci\u00eancia do esquema corporal; Dificuldades na regula\u00e7\u00e3o do t\u00f3nus-muscular.<\/p>\n","protected":false},"author":1,"featured_media":0,"parent":0,"menu_order":0,"comment_status":"closed","ping_status":"closed","template":"","meta":{"footnotes":""},"class_list":["post-157","page","type-page","status-publish","hentry"],"_links":{"self":[{"href":"https:\/\/maispessoa.pt\/site\/wp-json\/wp\/v2\/pages\/157","targetHints":{"allow":["GET"]}}],"collection":[{"href":"https:\/\/maispessoa.pt\/site\/wp-json\/wp\/v2\/pages"}],"about":[{"href":"https:\/\/maispessoa.pt\/site\/wp-json\/wp\/v2\/types\/page"}],"author":[{"embeddable":true,"href":"https:\/\/maispessoa.pt\/site\/wp-json\/wp\/v2\/users\/1"}],"replies":[{"embeddable":true,"href":"https:\/\/maispessoa.pt\/site\/wp-json\/wp\/v2\/comments?post=157"}],"version-history":[{"count":3,"href":"https:\/\/maispessoa.pt\/site\/wp-json\/wp\/v2\/pages\/157\/revisions"}],"predecessor-version":[{"id":241,"href":"https:\/\/maispessoa.pt\/site\/wp-json\/wp\/v2\/pages\/157\/revisions\/241"}],"wp:attachment":[{"href":"https:\/\/maispessoa.pt\/site\/wp-json\/wp\/v2\/media?parent=157"}],"curies":[{"name":"wp","href":"https:\/\/api.w.org\/{rel}","templated":true}]}}

Serviços de Psicomotricidade

<p>Algumas áreas de intervenção:</p>
<ul>
<li>Atraso psicomotor;</li>
<li>Problemas de coordenação motora e de equilíbrio;</li>
<li>Dificuldades de orientação e integração espacio-temporal;</li>
<li>Dificuldades de coordenação óculo-manual e óculo-pedal;</li>
<li>Dificuldades de motricidade fina;</li>
<li>Dificuldades na consciência do esquema corporal;</li>
<li>Dificuldades na regulação do tónus-muscular.</li>
</ul>

<p>Algumas áreas de intervenção: Atraso psicomotor; Problemas de coordenação motora e de equilíbrio; Dificuldades de orientação e integração espacio-temporal; Dificuldades de coordenação óculo-manual e óculo-pedal; Dificuldades de motricidade fina; Dificuldades na consciência do esquema corporal; Dificuldades na regulação do tónus-muscular.</p>
